ose -162*m + 7019 = -4444 + 447. Calculate the greatest common divisor of 8347 and m.
17
Suppose 3 = -3*g, 0 = 5*r - 0*g + 2*g - 138. Suppose -3*w + w = -r. Let u = -11799 - -11801. What is the greatest common divisor of u and w?
2
Let y = -5435 + 16099. Calculate the greatest common factor of y and 172.
172
Let l be 11 - -2*(-8 - -5). Suppose 0 = 3*j + 3*y + l - 53, 0 = -5*j - 4*y + 79. Calculate the greatest common factor of j and 45.
15
Let l be 45/(-12) + 4 - (-26)/(-8). Let q be (57*(-1)/l)/(1 + 0). Let p be 4/(-6) - (-2070)/27. Calculate the greatest common factor of p and q.
19
Suppose 2*w = -2*w + 384. Let s = 5012 + -4948. Suppose -l + w = 4*l - 3*d, 4*l + 4*d - s = 0. Calculate the highest common divisor of l and 27.
9
Suppose 5*u - 46 = -0*u + 3*q, 8 = -4*q. Suppose -4*c + 0 = -u. Suppose 0 = 5*t, -7*t + 9*t = f - 2. What is the highest common divisor of c and f?
2
Let f be -54*((-2)/6 + (-56 - -45)). Calculate the greatest common factor of f and 4692.
204
Let n(f) = f**3 + 3*f**2 - 12*f - 7. Let u be n(-5). Suppose u*w - 6 = 2*w. Let i be 152/w - (-6)/9. Calculate the greatest common factor of i and 65.
13
Let n(f) be the first derivative of -21*f**2/2 - 25*f - 43. Let c be n(-13). Calculate the highest common divisor of c and 8.
8
Suppose 0 = 3*g - 18*a + 13*a - 1079, -5*a = -5*g + 1805. Let d = 375 - g. Calculate the greatest common divisor of 156 and d.
12
Suppose 162 = 32*f - 14*f. Let o be (35/15)/((-17)/f - -2). What is the highest common factor of 84 and o?
21
Let u(t) = 307*t - 8372. Let y be u(28). What is the greatest common factor of y and 248?
8
Suppose -75*l + 73*l - 684 = 0. Let o = 350 + l. What is the highest common factor of o and 60?
4
Suppose 10*i - 16*i = -78. Suppose 5*u - y = 138, 3*u - i - 74 = 2*y. Suppose 0 = -17*t + u*t - 330. Calculate the greatest common factor of t and 3.
3
Let y be 7 + (-1596)/(-14) - -11. What is the highest common factor of y and 352?
44
Let x = -453 - -453. Suppose -27*r + 89*r - 5084 = x. Let q be (-2)/4 - 822/(-4). What is the greatest common divisor of r and q?
41
Suppose -5*o + 1740 = -375. Let x(j) = 23 + 37 - 19*j + 45*j - 116 + 25. Let s be x(3). What is the highest common divisor of s and o?
47
Suppose -4*r = 5*h - 22178, 5*r = -555*h + 553*h + 8895. Calculate the greatest common divisor of h and 20.
10
Let w(k) = k**2 - 5*k - 4. Let u be w(6). Let t = 74 + -80. Let d be (-15)/(-6)*t/(-15). What is the highest common divisor of d and u?
1
Let o(q) = -3*q**3 - 3*q**2 + 3. Let s be o(2). Let d = s + 47. What is the highest common factor of 154 and d?
14
Let o = 224 + -219. Suppose 349 = 4*t - o*w, -4*t = -8*t - 5*w + 299. What is the greatest common factor of t and 1053?
81
Let n = 6675 + -3090. What is the greatest common divisor of 15 and n?
15
Suppose 3*u - m = 7*u - 6, 5*m + 18 = 4*u. Suppose 0 = c - 4*t - 243, -19 = 4*t - 11. Suppose -c = -u*j + 21. What is the greatest common factor of 16 and j?
16
Suppose 5*k - 4*o - 1924 - 35944 = 0, -3*k - 2*o + 22690 = 0. What is the highest common factor of 528 and k?
176
Let u = -33 - -59. Let j = -11 + u. Let t be (-159)/(-15) + 6/j. Calculate the highest common divisor of 11 and t.
11
Suppose 3*q - 8 = q, -2*q = 3*r - 71. Let w be 27/12 + 144417/364. What is the greatest common divisor of r and w?
21
Let j(x) = -2*x**2 - 9*x + 66. Let o be j(-14). Let f = 211 + o. What is the greatest common factor of f and 341?
11
Let d be (-566122)/(-341) - 2/11. Calculate the greatest common divisor of 20 and d.
20
Let d(j) = j**2 - j - 2. Let g be d(-6). Let r(o) = 2*o**2 + 10*o + 24. Let m be r(8). Let w = m + -172. What is the greatest common divisor of g and w?
20
Suppose 0 = -i - 6, 834 = 5*k - k - i. Calculate the greatest common divisor of 92 and k.
23
Let n = -741 - -527. Let w = 275 + n. What is the greatest common divisor of w and 61?
61
Let h(s) = 276*s - 1113. Let d be h(19). Calculate the greatest common factor of d and 306.
153
Let k = 120 - 51. Let q = -535 - -652. Let b = q - k. Calculate the greatest common factor of 72 and b.
24
Let s = 23013 + -21824. What is the greatest common factor of 638 and s?
29
Suppose -5*f = -30, 9*f - 13*f - 180 = -i. Calculate the highest common divisor of 1292 and i.
68
Let p(j) = -7*j**3 - j**2 - j - 1. Let h be p(-1). Suppose -44*z - 46*z + 5328 = -16*z. Calculate the greatest common divisor of z and h.
6
Let b be 105/(-60)*8 - -124. What is the greatest common divisor of 1485 and b?
55
Let o = 83 - 79. Suppose 3*t - 158 = -5*c + 259, -o*c + t = -337. What is the greatest common divisor of c and 48?
12
Suppose -2*p = -2*n + 162, 121*n + p = 126*n - 381. What is the greatest common divisor of 105 and n?
15
Let k be 214 + 6 - ((-6)/(-3) - 2). What is the greatest common factor of k and 2530?
110
Let p be -1 + 35 + (5 - 6). Let u = p - -16. Calculate the greatest common factor of 392 and u.
49
Let w(h) = 399*h - 884. Let b be w(16). Calculate the greatest common divisor of b and 11.
11
Let y(o) = o**3 - 54*o**2 + 63*o - 510. Let f be y(53). What is the greatest common divisor of f and 6140?
20
Let g = 10 - 8. Let j be 22*21/g*1. Suppose 21 = r + 3*k, 8*k = 6*k - 8. What is the greatest common factor of r and j?
33
Suppose 3*r + r - 17*r + 4186 = 0. What is the highest common factor of r and 506?
46
Let w(k) = 3*k**2 - 20*k - 8. Let l be w(7). Let u be -4*l*(-3)/6 + 497. Suppose -12*f + 3*f + u = 0. Calculate the highest common factor of 22 and f.
11
Suppose 3*k - 18 = 246. Suppose 1470 = 3*h + 2*v, -2*h - 2*v + 591 = -395. Calculate the greatest common divisor of k and h.
44
Let q = 2264 + -2092. Calculate the highest common divisor of q and 387.
43
Suppose -2*u - c = -645, -c + 447 + 840 = 4*u. Suppose -320*x = -u*x + 4. Calculate the greatest common divisor of x and 24.
4
Suppose -3*l = -1 + 1. Suppose w = 5*t + 434, l = -6*t + 2*t + 5*w - 364. Let g = 101 + t. What is the highest common factor of g and 3?
3
Suppose 63*o + 170*o - 2*o - 3465 = 0. Calculate the greatest common factor of 948 and o.
3
Let i(o) = o + 3. Let w be i(17). Suppose -473 - 287 = -w*c. What is the greatest common divisor of 266 and c?
38
Let p = 90 - 87. Suppose 116 = p*v + y, y - 3 = 4*y. Suppose -4*w - m = -v, -3*w + 1 = -4*m - 33. What is the greatest common factor of 4 and w?
2
Suppose 19*b = -23385 + 23822. What is the highest common factor of 1 and b?
1
Suppose 0 = 131*x - 139*x + 120. Suppose -3*k = 12*k - x. What is the greatest common divisor of 25 and k?
1
Let w be 12*((-55)/30 + 2). Let q(z) = 2*z**3 - 2*z**2 + 2*z + 2. Let f be q(w). Calculate the highest common divisor of 2 and f.
2
Suppose 4*j - 3*j = -3*j. Suppose 0*u - 4*u - 24 = j. Let z(s) = s**3 + 8*s**2 + 6*s - 3. Let a be z(u). What is the highest common divisor of a and 3?
3
Let m be 6 - 2 - (4 + -2). Suppose m*u - 48 = -u. Let g be 0/4*-4*(-1)/8 + 8. What is the highest common divisor of u and g?
8
Let c be (-3 - 126/3)*(-11 - -10). Suppose 0 = q - 5*q + 16. Let z be (6/(-9))/(q/(-54)). Calculate the highest common factor of z and c.
9
Let k(r) = -r**3 - r**2 + r + 1. Let w be k(-1). Suppose b - 4*g - 103 = w, -18*b - 497 = -23*b + 2*g. Calculate the highest common divisor of b and 22.
11
Let q(u) = u**3 - 3*u**2 - u - 36. Let p be q(6). Suppose 2*w = 6*w - 16. Let r be 86/4 - (-2)/w. Calculate the highest common factor of r and p.
22
Suppose -414 = -5*s - 0*s - 4*p, -2*s - 3*p = -167. Suppose -8405 = 133*b - 174*b. What is the greatest common divisor of b and s?
41
Suppose 61*h = 53*h + 32. Suppose -h*p + 2336 = 153*a - 157*a, 3*a = 5*p - 2922. What is the highest common divisor of 26 and p?
13
Let x be (-204)/28 - -7 - 74/(-14). Let y be (-196)/35*-1 - (-2)/x. What is the highest common divisor of y and 10?
2
Let r(p) = 5*p + 915. Let y be r(62). What is the greatest common divisor of y and 98?
49
Let h(u) = 6*u - 72. Let v be h(12). Suppose -20*b = -22*b + 2*c + 962, v = 5*b - 2*c - 2402. What is the greatest common factor of 30 and b?
30
Suppose -3*g + 3 = -3*j - 90, -2*j = 0. Let q = -333 - -335. Suppose q*n = 49 + g. Calculate the highest common divisor of 10 and n.
10
Let y(v) = 409*v**2 - 410*v**2 + 7 + 4. Let a be y(-3). Suppose 947 = 4*o - f, -6*o - f + 957 = -a*o. What is the highest common divisor of o and 34?
34
Let y be (174/5)/(16